the greatest common divisor of c and 42?
42
Suppose 4*x = 5*s - 370, -5*s = -0*x - 3*x - 375. What is the greatest common factor of 702 and s?
78
Let b(f) = 326*f - 2. Let u be b(1). Calculate the greatest common factor of u and 36.
36
Suppose 24*l + 25*l - 490 = 0. What is the greatest common factor of 45 and l?
5
Suppose -2*j - 1163 = -5*g, 3*g + 0*g = 4*j + 695. Suppose 5*k + 5*p - 295 = 0, 0 = -4*k - 6*p + 3*p + g. Calculate the highest common factor of k and 8.
8
Suppose 0 = -s - 29 + 7. Let h(d) = -3*d + 33. Let p be h(s). What is the highest common divisor of 9 and p?
9
Let b = 13 + -3. Suppose -3*y + 65 = -b. What is the highest common factor of 125 and y?
25
Suppose -4*b - 7 = 21. Let u = b - -11. Suppose 0 = -4*t + 3*p + 38, 0 = -5*t + u*p - 2 + 49. Calculate the greatest common factor of 1 and t.
1
Let b(c) = -c. Let q be b(-5). Let r be 14/70 + (-1 - (-444)/q). Calculate the highest common divisor of r and 11.
11
Suppose 5*m = 5*q - 1057 + 327, 4*m + 440 = 3*q. Let u be (13 - -1 - -3) + -1. Calculate the highest common divisor of u and q.
16
Suppose 61 - 1549 = -6*w. Calculate the highest common divisor of 279 and w.
31
Let v = 501 + -957. Let d be 70/3*(v/(-40) - 3). Let k be (42/(-5))/(6/(-20)). Calculate the greatest common divisor of d and k.
28
Let h = -20 + 24. Suppose -269 = -2*x - p, x = -4*x + h*p + 679. Calculate the highest common divisor of 54 and x.
27
Let q = -9 - -65. Let w be (-247)/7 + (-12)/(-42). Let v be (-3)/(-15)*-2*w. What is the greatest common factor of v and q?
14
Let o(u) = 74 - 5*u - 15 + 3*u - 11*u. Let b be o(-9). What is the greatest common divisor of 22 and b?
22
Let l be (-5)/(-1)*6 + -3. Let x(p) = -25*p**3 - 2*p**2 + 4*p + 5. Let h be x(-2). What is the greatest common factor of l and h?
27
Suppose 19 = 5*d - 131. Let u(a) = -12*a - 60. Let g be u(-6). What is the greatest common divisor of d and g?
6
Suppose 12*t - t - 4576 = 0. What is the greatest common factor of 32 and t?
32
Let j = -6235 + 6300. Suppose -86 = -4*q + 18. Calculate the greatest common factor of q and j.
13
Suppose -270 = -193*q + 191*q. Calculate the highest common divisor of q and 75.
15
Let t(a) = 0*a - a**3 + 8 + 5*a - 1 - 5*a**2 - 4*a. Let r be t(-5). What is the highest common factor of r and 6?
2
Suppose 2*r = 2*s - 6*s, 36 = -4*r + 4*s. Let h = r - -9. Suppose -2*p - 41 - 48 = -3*d, -3*d + 5*p = -74. What is the greatest common divisor of d and h?
3
Suppose -3*c + 2*s = -436, c - 566 = -3*c - 5*s. Let l = 35 + -35. Suppose -4*x + l*b + c = b, 3*b - 117 = -3*x. What is the greatest common factor of 7 and x?
7
Let f(q) = 4*q + 47. Let w be f(8). Let s = 106 - w. Suppose 3*b + 2*d + 3*d = 34, -b = -5*d + 22. What is the greatest common factor of b and s?
3
Suppose -4*a + 3*t + 43 = 0, a - 7 = 2*t - 5*t. Suppose -7 = -o + 1. Let c be ((-8)/(-3))/(o/120). Calculate the greatest common factor of c and a.
10
Let z(x) = -x**2 - 18*x + 3. Let w be z(-16). What is the highest common divisor of w and 70?
35
Suppose 16*d - 1063 + 103 = 0. Calculate the greatest common divisor of d and 150.
30
Suppose 2*i = -2*j + i + 26, -39 = -3*j + 4*i. What is the greatest common factor of 1157 and j?
13
Let i be ((-6)/15)/(7/(-4095)). Calculate the highest common factor of i and 78.
78
Suppose 3*k + 2*k = 65. Suppose h - 235 = o, -3*h - 5*o = 2*h - 1165. Suppose 18*q - h = 16*q. What is the greatest common divisor of k and q?
13
Suppose 7*j - 2*l = 2*j + 26, 0 = -5*l + 10. What is the greatest common factor of 66 and j?
6
Let m be 1*(0 - 4) + 9. Suppose 4*z + 2*x - 8 = 0, m*z = -2*x + 4 + 6. Let c be 0 + -15*z/(-3). What is the highest common divisor of 25 and c?
5
Let l = -5 + 3. Let s be (-19)/(-7) - l/7. Let j be -3*(-7 + s + -2). Calculate the greatest common factor of 126 and j.
18
Let p be ((-21)/9 - -3)*360. Suppose p = 15*w - 10*w. Calculate the highest common factor of w and 12.
12
Let q = -39 - -85. What is the highest common factor of 667 and q?
23
Let z = 881 - 799. Calculate the highest common divisor of z and 2050.
82
Let p be (6 + -7)/(-2 - -1). Suppose c - 1 = p. Let x = c + 1. Calculate the highest common factor of x and 6.
3
Suppose o + 40 = 3*o. Suppose 521 = f + 301. What is the highest common factor of f and o?
20
Let k = -87 + 492. What is the greatest common factor of k and 90?
45
Suppose -3*r + 3*j = -90, -38 + 18 = 4*j. Calculate the greatest common divisor of r and 1975.
25
Let p(i) = -3*i**2 - 39*i + 13. Let j be p(-13). Let t(y) = -y**3 - 3*y**2 + y - 6. Let c be t(-5). Calculate the greatest common divisor of j and c.
13
Let s(p) = -4*p**3 - 7*p**2 - 7*p - 8. Let q be s(-3). What is the highest common divisor of q and 116?
58
Let g be (-442)/102*(-2 + -4). Calculate the highest common factor of 1118 and g.
26
Let c(k) = 2*k**2 + 12*k + 5. Let i be c(-6). Suppose 0 = i*n + 5*n - 70. Calculate the greatest common divisor of n and 14.
7
Let q(l) = 10*l**2 + 49*l + 128. Let v be q(-3). Calculate the highest common factor of 2059 and v.
71
Suppose -6*r + 65 = -67. Suppose -176 = -34*y + 30*y. Calculate the greatest common divisor of r and y.
22
Suppose 29 = -2*y - 9. Let c = y + 18. Let b be (-8)/8 - c*221. Calculate the highest common divisor of 20 and b.
20
Suppose 4*p = o + 8*p - 98, 2*o + p = 224. Let u be 7/(-42)*-2 - (-34)/6. Calculate the highest common factor of u and o.
6
Suppose 0 - 116 = -2*s. Let u be (-2 - 4)*(-406)/28. What is the greatest common divisor of u and s?
29
Suppose -3*p + 4*k = -0*p + 132, 0 = -p + 5*k - 33. Let h = -28 - p. What is the highest common divisor of h and 8?
4
Let j(i) = -i**2 - 8*i + 5. Let u(y) = -5*y**2 - 33*y + 21. Let n(l) = -9*j(l) + 2*u(l). Let q be n(3). Calculate the highest common factor of q and 12.
6
Suppose -20 = -5*y - 0. Suppose -7*h + 0 = -14. Suppose h*l + y*l = 546. Calculate the greatest common factor of 13 and l.
13
Let j(z) = -30*z - 50. Let w be j(-8). Calculate the greatest common factor of w and 20.
10
Suppose 0 = 12*b - 1462 + 1294. Calculate the highest common factor of b and 1736.
14
Let y(z) = 15*z - 81. Let x be y(21). What is the highest common factor of 270 and x?
18
Let l = 1687 - 1674. Suppose -20 = -4*z + 32. What is the greatest common divisor of z and l?
13
Let h be 2/(2/1)*13. Let u(c) = c**2 + 27. Let g be u(8). What is the greatest common factor of h and g?
13
Let v be (25 + (2 - 0))/(2/2). Let y be (-28)/(-4)*1*(-2 - -11). What is the highest common divisor of y and v?
9
Suppose -31*y = -37*y. Suppose 5*w + 6*w - 1320 = y. Let i(u) = 2*u**2 - 2*u + 3. Let t be i(3). Calculate the greatest common factor of t and w.
15
Let o be (-9)/((-81)/(-99))*-1. Let k(d) = -d - 2. Let l be k(-1). Let f be (-1 - l - -1)/1. Calculate the highest common divisor of o and f.
1
Suppose 26*z - 908 - 5956 = 0. What is the greatest common factor of z and 33?
33
Let w = -57 + 45. Let d = 61 + w. What is the greatest common divisor of 7 and d?
7
Let b be (-3)/(-2)*2/3. Let q be -1 + (-4)/(-1) + b. Let w = -34 - -46. Calculate the highest common factor of q and w.
4
Let z = 273 + -262. Calculate the highest common divisor of 11 and z.
11
Suppose 4*s = 51 + 53. Let n = 1973 - 1960. Calculate the greatest common factor of s and n.
13
Suppose -6*p + 1138 = -32. Let k be (((-12)/10)/2)/(10/(-650)). What is the highest common divisor of k and p?
39
Suppose 0 = -112*h + 119*h - 539. Let f(u) = 2*u + 1. Let b = 6 + -3. Let c be f(b). Calculate the greatest common factor of c and h.
7
Let b be 1*(6 - 11)*324/(-5). What is the highest common divisor of 36 and b?
36
Suppose -13*y + 499 = -385. What is the greatest common factor of 1156 and y?
68
Let s(p) = 61*p**2 + 4. Let r be s(-3). Calculate the highest common divisor of 79 and r.
79
Suppose 60*c - 231 = 49*c. Calculate the highest common divisor of 119 and c.
7
Let p be 1/5 - (-68)/10. Let d = 2642 - 2640. Calculate the highest common divisor of p and d.
1
Let s = -88 - -242. Let z be (-1860)/(-14) - 21/(-147). Let k = z - 119. Calculate the highest common divisor of k and s.
14
Let y(l) = -2*l - 8. Let d(v) = -v + 1. Let w(p) = 12*d(p) + 3*y(p). Let z be w(-5). Let a = z + -38. Calculate the highest common divisor of a and 8.
8
Suppose -w = -2*z - 1, -z - 3*w = 3*z + 17. Let i be (-404)/z + -2*2. Calculate the highest 